{"id":22,"date":"2013-07-12T20:42:28","date_gmt":"2013-07-12T19:42:28","guid":{"rendered":"http:\/\/www.lespierrades.fr\/?page_id=22"},"modified":"2025-05-31T07:46:06","modified_gmt":"2025-05-31T06:46:06","slug":"contact","status":"publish","type":"page","link":"https:\/\/www.lespierrades.fr\/?page_id=22","title":{"rendered":"contactez-nous :"},"content":{"rendered":"<p style=\"text-align: center;\"><span style=\"text-decoration: underline;\"><strong><span style=\"color: #000000;\"><a style=\"color: #000000; text-decoration: underline;\" href=\"tel:0651314882\">06 51 31 48 82\u00a0 \u00a0 \u00a0 \u00a0Virginie<\/a><\/span><\/strong><\/span><\/p>\n<p style=\"text-align: center;\"><span style=\"color: #000000;\">09 63 56 05 72<\/span><\/p>\n<p style=\"text-align: center;\">contact@lespierrades.fr<\/p>\n<p>N&rsquo;h\u00e9sitez pas \u00e0 me contacter pour plus d&rsquo;information et pour conna\u00eetre nos disponibilit\u00e9s.<\/p>\n<p>Siret\u00a0: 810 346 817 00010<\/p>\n\n\n<p><\/p>\n","protected":false},"excerpt":{"rendered":"<p>06 51 31 48 82\u00a0 \u00a0 \u00a0 \u00a0Virginie 09 63 56 05 72 contact@lespierrades.fr N&rsquo;h\u00e9sitez pas \u00e0 me contacter pour plus d&rsquo;information et pour conna\u00eetre nos disponibilit\u00e9s. Siret\u00a0: 810 346 817 00010<\/p>\n","protected":false},"author":1,"featured_media":0,"parent":0,"menu_order":4,"comment_status":"open","ping_status":"closed","template":"","meta":{"_acf_changed":false,"footnotes":""},"class_list":["post-22","page","type-page","status-publish","hentry"],"acf":[],"_links":{"self":[{"href":"https:\/\/www.lespierrades.fr\/index.php?rest_route=\/wp\/v2\/pages\/22","targetHints":{"allow":["GET"]}}],"collection":[{"href":"https:\/\/www.lespierrades.fr\/index.php?rest_route=\/wp\/v2\/pages"}],"about":[{"href":"https:\/\/www.lespierrades.fr\/index.php?rest_route=\/wp\/v2\/types\/page"}],"author":[{"embeddable":true,"href":"https:\/\/www.lespierrades.fr\/index.php?rest_route=\/wp\/v2\/users\/1"}],"replies":[{"embeddable":true,"href":"https:\/\/www.lespierrades.fr\/index.php?rest_route=%2Fwp%2Fv2%2Fcomments&post=22"}],"version-history":[{"count":100,"href":"https:\/\/www.lespierrades.fr\/index.php?rest_route=\/wp\/v2\/pages\/22\/revisions"}],"predecessor-version":[{"id":1264,"href":"https:\/\/www.lespierrades.fr\/index.php?rest_route=\/wp\/v2\/pages\/22\/revisions\/1264"}],"wp:attachment":[{"href":"https:\/\/www.lespierrades.fr\/index.php?rest_route=%2Fwp%2Fv2%2Fmedia&parent=22"}],"curies":[{"name":"wp","href":"https:\/\/api.w.org\/{rel}","templated":true}]}}