{"id":1139,"date":"2023-06-30T13:54:45","date_gmt":"2023-06-30T12:54:45","guid":{"rendered":"https:\/\/www.lespierrades.fr\/?page_id=1139"},"modified":"2023-06-30T13:55:13","modified_gmt":"2023-06-30T12:55:13","slug":"dans-la-region","status":"publish","type":"page","link":"https:\/\/www.lespierrades.fr\/?page_id=1139","title":{"rendered":"Dans la r\u00e9gion"},"content":{"rendered":"\n<p>Voici quelques suggestions de promenades \u00e0 faire dans la r\u00e9gion. Parfaites pour une excursion pour la journ\u00e9e dans les villes \u00e0 moins de 1h30 de notre domaine de Montcalm.<\/p>\n\n\n\n<div style=\"height:100px\" aria-hidden=\"true\" class=\"wp-block-spacer\"><\/div>\n\n\n\n<h2 class=\"wp-block-heading\">N\u00eemes<\/h2>\n\n\n\n<p>La ville de N\u00eemes poss\u00e8de une riche histoire gallo-romaine et plusieurs monuments internationalement connus comme ses ar\u00e8nes ou sa maison carr\u00e9e. Profitez d&rsquo;une journ\u00e9e ensoleill\u00e9e pour visiter son centre ville historique, d\u00e9couvrir le mus\u00e9e de la romanit\u00e9 ou visiter ses ar\u00e8nes datant du 1er si\u00e8cle.<\/p>\n\n\n\n<p>Pour un peu de verdure, prenez le temps de vous promener dans ses jardins La Fontaine et le long des aqueducs romains qui y m\u00e8nent. Cr\u00e9\u00e9s \u00e0 partir de 1745 \u00e0 la demande du Roi de France, on y trouve des jardins \u00e0 la fran\u00e7aise et des vestiges romains d\u00e9couverts suite \u00e0 des fouilles arch\u00e9ologiques.<\/p>\n\n\n\n<figure class=\"wp-block-image size-large\"><img loading=\"lazy\" decoding=\"async\" width=\"1024\" height=\"683\" src=\"https:\/\/www.lespierrades.fr\/wp-content\/uploads\/2023\/06\/Nimes-1024x683.jpeg\" alt=\"\" class=\"wp-image-1140\" srcset=\"https:\/\/www.lespierrades.fr\/wp-content\/uploads\/2023\/06\/Nimes-1024x683.jpeg 1024w, https:\/\/www.lespierrades.fr\/wp-content\/uploads\/2023\/06\/Nimes-900x600.jpeg 900w, https:\/\/www.lespierrades.fr\/wp-content\/uploads\/2023\/06\/Nimes-768x512.jpeg 768w, https:\/\/www.lespierrades.fr\/wp-content\/uploads\/2023\/06\/Nimes-1536x1024.jpeg 1536w, https:\/\/www.lespierrades.fr\/wp-content\/uploads\/2023\/06\/Nimes-1170x780.jpeg 1170w, https:\/\/www.lespierrades.fr\/wp-content\/uploads\/2023\/06\/Nimes.jpeg 1600w\" sizes=\"auto, (max-width: 1024px) 100vw, 1024px\" \/><\/figure>\n\n\n\n<div style=\"height:100px\" aria-hidden=\"true\" class=\"wp-block-spacer\"><\/div>\n\n\n\n<h2 class=\"wp-block-heading\">Montpellier<\/h2>\n\n\n\n<p>Cette grande ville du sud de la France est parfaite pour y faire du shopping dans ces centres commerciaux ou y trouver une bonne table. V\u00e9ritable centre \u00e9conomique et culturel de l&rsquo;H\u00e9rault, son centre-ville se visite tr\u00e8s bien \u00e0 pied et poss\u00e8de de nombreuses ruelles remplies de petit commerces locaux et d&rsquo;artisans<\/p>\n\n\n\n<figure class=\"wp-block-image size-full\"><img loading=\"lazy\" decoding=\"async\" width=\"800\" height=\"533\" src=\"https:\/\/www.lespierrades.fr\/wp-content\/uploads\/2023\/06\/Montpellier-centre-ville.webp\" alt=\"\" class=\"wp-image-1143\" srcset=\"https:\/\/www.lespierrades.fr\/wp-content\/uploads\/2023\/06\/Montpellier-centre-ville.webp 800w, https:\/\/www.lespierrades.fr\/wp-content\/uploads\/2023\/06\/Montpellier-centre-ville-768x512.webp 768w\" sizes=\"auto, (max-width: 800px) 100vw, 800px\" \/><\/figure>\n\n\n\n<div style=\"height:100px\" aria-hidden=\"true\" class=\"wp-block-spacer\"><\/div>\n\n\n\n<h2 class=\"wp-block-heading\">Arles<\/h2>\n\n\n\n<p>La ville d&rsquo;Arles est aussi un centre culturel et historique important au bords de la Provence et le long du Rh\u00f4ne qui d\u00e9limite la Camargue.  Ses ar\u00e8nes romaines sont ouvertes aux visites et accueillent de nombreux \u00e9v\u00e9nements et concerts durant l&rsquo;\u00e9t\u00e9. <\/p>\n\n\n\n<p><\/p>\n\n\n\n<p>Arles est aussi connue pour son festival international de la photographie et ses nombreux vestiges romains \u00e0 travers la ville.<\/p>\n\n\n\n<p><\/p>\n\n\n\n<p>Les arl\u00e9siennes qui portent le costume traditionnel camarguais sont nomm\u00e9es apr\u00e8s la ville d&rsquo;Arles.<\/p>\n\n\n\n<figure class=\"wp-block-image size-large\"><img loading=\"lazy\" decoding=\"async\" width=\"1024\" height=\"683\" src=\"https:\/\/www.lespierrades.fr\/wp-content\/uploads\/2023\/06\/Arles-arenes-1024x683.jpeg\" alt=\"\" class=\"wp-image-1144\" srcset=\"https:\/\/www.lespierrades.fr\/wp-content\/uploads\/2023\/06\/Arles-arenes-1024x683.jpeg 1024w, https:\/\/www.lespierrades.fr\/wp-content\/uploads\/2023\/06\/Arles-arenes-900x600.jpeg 900w, https:\/\/www.lespierrades.fr\/wp-content\/uploads\/2023\/06\/Arles-arenes-768x512.jpeg 768w, https:\/\/www.lespierrades.fr\/wp-content\/uploads\/2023\/06\/Arles-arenes-1170x781.jpeg 1170w, https:\/\/www.lespierrades.fr\/wp-content\/uploads\/2023\/06\/Arles-arenes.jpeg 1220w\" sizes=\"auto, (max-width: 1024px) 100vw, 1024px\" \/><\/figure>\n\n\n\n<div style=\"height:100px\" aria-hidden=\"true\" class=\"wp-block-spacer\"><\/div>\n\n\n\n<h2 class=\"wp-block-heading\">Pont du Gard<\/h2>\n\n\n\n<p>Le Pont du Gard est un autre vestige romain tr\u00e8s connu dans la r\u00e9gion. Il passe au dessus de la rivi\u00e8re du Gardon ou vous pouvez venir vous baigner ou faire du cano\u00eb en visitant le site. \u00c0 environ 1h de nos g\u00eetes dans la direction de N\u00eemes, c&rsquo;est un des incontournables de la r\u00e9gion.<\/p>\n\n\n\n<figure class=\"wp-block-image size-large\"><img loading=\"lazy\" decoding=\"async\" width=\"1024\" height=\"576\" src=\"https:\/\/www.lespierrades.fr\/wp-content\/uploads\/2023\/06\/Pont-du-gard-1024x576.jpeg\" alt=\"\" class=\"wp-image-1146\" srcset=\"https:\/\/www.lespierrades.fr\/wp-content\/uploads\/2023\/06\/Pont-du-gard-1024x576.jpeg 1024w, https:\/\/www.lespierrades.fr\/wp-content\/uploads\/2023\/06\/Pont-du-gard-900x506.jpeg 900w, https:\/\/www.lespierrades.fr\/wp-content\/uploads\/2023\/06\/Pont-du-gard-768x432.jpeg 768w, https:\/\/www.lespierrades.fr\/wp-content\/uploads\/2023\/06\/Pont-du-gard-1536x864.jpeg 1536w, https:\/\/www.lespierrades.fr\/wp-content\/uploads\/2023\/06\/Pont-du-gard-1170x658.jpeg 1170w, https:\/\/www.lespierrades.fr\/wp-content\/uploads\/2023\/06\/Pont-du-gard.jpeg 1600w\" sizes=\"auto, (max-width: 1024px) 100vw, 1024px\" \/><\/figure>\n","protected":false},"excerpt":{"rendered":"<p>Voici quelques suggestions de promenades \u00e0 faire dans la r\u00e9gion. Parfaites pour une excursion pour la journ\u00e9e dans les villes \u00e0 moins de 1h30 de notre domaine de Montcalm. N\u00eemes La ville de N\u00eemes poss\u00e8de une riche histoire gallo-romaine et plusieurs monuments internationalement connus comme ses ar\u00e8nes ou sa maison carr\u00e9e. Profitez d&rsquo;une journ\u00e9e ensoleill\u00e9e [&hellip;]<\/p>\n","protected":false},"author":1,"featured_media":0,"parent":0,"menu_order":0,"comment_status":"closed","ping_status":"closed","template":"","meta":{"_acf_changed":false,"footnotes":""},"class_list":["post-1139","page","type-page","status-publish","hentry"],"acf":[],"_links":{"self":[{"href":"https:\/\/www.lespierrades.fr\/index.php?rest_route=\/wp\/v2\/pages\/1139","targetHints":{"allow":["GET"]}}],"collection":[{"href":"https:\/\/www.lespierrades.fr\/index.php?rest_route=\/wp\/v2\/pages"}],"about":[{"href":"https:\/\/www.lespierrades.fr\/index.php?rest_route=\/wp\/v2\/types\/page"}],"author":[{"embeddable":true,"href":"https:\/\/www.lespierrades.fr\/index.php?rest_route=\/wp\/v2\/users\/1"}],"replies":[{"embeddable":true,"href":"https:\/\/www.lespierrades.fr\/index.php?rest_route=%2Fwp%2Fv2%2Fcomments&post=1139"}],"version-history":[{"count":2,"href":"https:\/\/www.lespierrades.fr\/index.php?rest_route=\/wp\/v2\/pages\/1139\/revisions"}],"predecessor-version":[{"id":1148,"href":"https:\/\/www.lespierrades.fr\/index.php?rest_route=\/wp\/v2\/pages\/1139\/revisions\/1148"}],"wp:attachment":[{"href":"https:\/\/www.lespierrades.fr\/index.php?rest_route=%2Fwp%2Fv2%2Fmedia&parent=1139"}],"curies":[{"name":"wp","href":"https:\/\/api.w.org\/{rel}","templated":true}]}}